 40324. Let j be ((-4)/3 - -1) + y/51. List the prime factors of (j/21)/(3/(-21)).
2, 3, 11
Let c be (6*34)/(-6) - (-6)/2. Let p = c - -47. Suppose -2*i + 22 = g, 2*g - p - 23 = -5*i. What are the prime factors of g?
2
Let p be (6/(-3) - 2204)*(-11)/(-22). Let x = p + 1715. What are the prime factors of x?
2, 3, 17
Let h(f) = -f**3 - 10*f**2 - 11*f - 10. Let c be h(-9). Let j(z) = -10*z - 4*z + 11 + c - 20. What are the prime factors of j(-7)?
97
Suppose -3*z - 2*q + 18 = 0, -6 = -2*z + 2*q - 4. Suppose 4*a = -2*p + 1950, 963 = -2*a + z*a - 3*p. List the prime factors of a.
2, 3
Suppose -27*q = 13707 + 21015. Let u = q - -2212. What are the prime factors of u?
2, 463
Suppose 3438167 - 241358 + 402679 = 61*q. List the prime factors of q.
2, 461
Suppose 0 = 523*y - 545*y + 242880. What are the prime factors of y?
2, 3, 5, 23
Let u(b) = b**3 - 45*b**2 - 35*b - 666. What are the prime factors of u(47)?
7, 43
Let i be 462/(((-7)/(-28))/(3/12)). List the prime factors of (-26)/(-39) + i/9.
2, 13
Let h(p) = -p + 6. Suppose -4*k - 18 = -42. Let j be h(k). List the prime factors of (44 - -4) + 1 + j.
7
Let c(j) = -2817*j - 4097. List the prime factors of c(-8).
18439
Suppose 28 = -44*u + 48*u. Let p(v) = 10*v**3 + 5*v**3 - 17*v**3 + u - 3*v**2 - 2 + v. What are the prime factors of p(-5)?
5, 7
Let p(v) = -v**3 - 7*v**2 + 17*v - 6. Let n be p(-9). Suppose n*r = 6*r + 171. Let h = r - -120. List the prime factors of h.
3, 7
Let k = 21243 + -7812. What are the prime factors of k?
3, 11, 37
Let p(x) = 14 - 151 + 137*x - 20 - 2*x + x. What are the prime factors of p(4)?
3, 43
Let z(w) = -w**2 - 14*w + 8. Suppose -4*x = 3*q + 15, 0*x - 2*q = x. What are the prime factors of z(x)?
2, 7
Suppose 0 = 4*z - l - 1636, -z - 5*l + 178 = -252. Suppose -13*f + 4401 - z = 0. What are the prime factors of f?
307
Suppose 3*z + 816 = -5*z. Suppose -9*r + 4*r = -2*m - 785, m = 0. Let p = z + r. List the prime factors of p.
5, 11
List the prime factors of (24/(-10))/(13 - (-3190481)/(-245420)).
2, 1753
Suppose 5*u - 10 = 0, -4*k = -7*k - u + 2750. What are the prime factors of k?
2, 229
Suppose 0 = y + 4*q - 11504, -y + 3*q = 1978 - 13454. List the prime factors of y.
2, 359
Suppose -1330 = -16*o + 4815 + 2623. What are the prime factors of o?
2, 137
Suppose -5*i + 5*g = -i - 82497, 103122 = 5*i - 6*g. What are the prime factors of i?
2, 3, 191
Suppose 21*h = 819 + 28434. List the prime factors of h.
7, 199
Suppose -v - 6 = -2*j - 25, 5*v = 2*j + 31. Let m(y) = -2*y - 25. Let u(k) = 18. Let z(x) = m(x) + 2*u(x). What are the prime factors of z(j)?
3
Let z(k) = 6*k**2 - 99*k + 1. What are the prime factors of z(32)?
13, 229
Suppose -2717526 = -67*d - 30*d + 8*d. What are the prime factors of d?
2, 3, 7, 727
Suppose -10 = 5*r + q - 37, 14 = 4*r - 3*q. Suppose 4*n + y = 340, 1 - r = -y. What are the prime factors of n?
2, 3, 7
Let a(z) = z**3 - 4*z**2 + 16*z + 6. Let g be a(5). Let r = 201 + g. What are the prime factors of r?
2, 3, 13
Let k be (798/285)/((-2)/(-1115)). Suppose 4*c = 4*d - 518 - 1042, -4*d + k = -3*c. List the prime factors of d.
17, 23
Suppose 118*d - 115*d = 12. Suppose -4*h + 352 = 4*n, 2*h - 90 - 68 = d*n. List the prime factors of h.
5, 17
Let n be 1/7*21 - 1*5. What are the prime factors of 75 - (18/12 - -1)*n?
2, 5
Let q = -2492 - -6903. List the prime factors of q.
11, 401
Let l = 37261 - -9874. What are the prime factors of l?
5, 11, 857
Suppose 106*u = 311081 + 932087. List the prime factors of u.
2, 733
Let q be (8/12)/(4/42). Let m(l) = l**2 + l. Let v(f) = -5*f**2 - f - 5. Let a(w) = -4*m(w) - v(w). List the prime factors of a(q).
3, 11
Suppose 9*o = -6*r + r + 2273, 5*o + 2*r = 1269. What are the prime factors of o?
257
Suppose 28163 = 188*a - 186*a - k, 14080 = a + k. What are the prime factors of a?
14081
Suppose 2*d - 6 = -0*b - 2*b, -3*d = -3*b + 3. Let f be -2 + 2/d - -3. Suppose 347 = f*j + 86. List the prime factors of j.
3, 29
Suppose -763 = 14*n - 7*n. Let i = 648 + n. What are the prime factors of i?
7, 11
Suppose -5*p + 10*v = 6*v - 6397, 5093 = 4*p + 5*v. What are the prime factors of p?
1277
Suppose -2*w - 6 = 0, 3*z - w + 3*w - 291 = 0. Suppose -z*b = -95*b - 272. Let y = b - 62. List the prime factors of y.
2, 3
Let f = -13267 + 14612. What are the prime factors of f?
5, 269
Let r(u) = -u**3 - 6*u**2 - 3*u + 17. Let l be r(-5). Let s be l*2 - (-6 - -4). Suppose 19*k = s*k + 75. What are the prime factors of k?
5
Let r(m) = -21251*m - 10497. List the prime factors of r(-4).
74507
Suppose -5*y = -4*b + 18869 + 157156, 88032 = 2*b + 4*y. List the prime factors of b.
2, 3, 5, 163
Let s = 1135 - 689. Let l = s - 271. What are the prime factors of l?
5, 7
Let m(p) = p**3 + 10*p**2 - 37*p + 26. Let z be m(-13). What are the prime factors of (1 + z - 0)/((-16)/(-432))?
3
Let k(m) = -13*m**3 + 19*m**2 - 31*m - 592. List the prime factors of k(-11).
37, 523
Suppose -123253 = -5*t - 2*r, 0 = -681*t + 684*t + 5*r - 73929. What are the prime factors of t?
89, 277
Let t(l) = -35*l + 6. Let v(z) = -z. Let k(u) = -2*u. Let w(h) = -k(h) + 3*v(h). Let b be w(5). List the prime factors of t(b).
181
What are the prime factors of (-155)/(-124) + (-127053)/(-12)?
10589
Let g = 646 + 690. Suppose -4080 = -14*l - g. List the prime factors of l.
2, 7
Let o(t) = 717*t - 2157. What are the prime factors of o(16)?
3, 5, 23
Let p be (19/4)/(3/48). Suppose 0 = -p*z + 77*z - 260. What are the prime factors of z?
2, 5, 13
Let l(v) = -3*v + 17. Let w be l(-6). Let u be ((-10)/w + (-268)/(-7))*-4. Let z = -73 - u. What are the prime factors of z?
79
Let c be (350/(-42) - -9)*(-90)/4. Let q = c - -126. List the prime factors of q.
3, 37
Suppose -t - 2*l + 88746 = 0, -135*l = -3*t - 138*l + 266250. List the prime factors of t.
2, 199, 223
Let l = 25 - -593. What are the prime factors of l?
2, 3, 103
Let k = 3117 - 3094. Let m = -45 - -24. Let u = k + m. What are the prime factors of u?
2
Suppose -172*d + 2322283 + 3034313 = 0. List the prime factors of d.
3, 7, 1483
Suppose 0 = f + 1503 - 9659. What are the prime factors of f?
2, 2039
Let x(i) be the third derivative of -i**6/10 - i**5/10 - 5*i**4/8 - 7*i**3/2 - 8*i**2 + 5. List the prime factors of x(-4).
3, 79
Suppose 184*p - 6222661 + 706157 = 0. List the prime factors of p.
7, 4283
Suppose -11*w = -9*w + 24. Let c be ((-30)/w)/(1/2). Suppose -2*j = j - c*b - 224, b + 310 = 4*j. What are the prime factors of j?
2, 3, 13
Let v = -16124 + 25376. List the prime factors of v.
2, 3, 257
Let v(n) = 20*n**3 - 20*n**2 - 17*n + 60. What are the prime factors of v(8)?
2, 2221
Suppose -9*x + 37*x - 7*x = 110187. List the prime factors of x.
3, 11, 53
Let y(u) = 3*u + 3*u**2 - 2*u**2 - 10962 + 10938. What are the prime factors of y(31)?
2, 5, 103
Let k(l) = 31*l**2 + 25*l + 20. Let g(s) = -6*s**2 - 5*s - 4. Let p(h) = 11*g(h) + 2*k(h). Let j be p(-6). What are the prime factors of 1 - 0 - (6 + -3) - j?
2, 29
Let w = -237 - -240. Suppose -5*a + 11*g = 12*g - 662, w*g - 534 = -4*a. List the prime factors of a.
2, 3, 11
Let n(j) be the third derivative of 8*j**2 - 17/6*j**3 + 0 + 1/4*j**4 + 0*j. What are the prime factors of n(5)?
13
Let f = 958 - 338. Let y = f - 518. What are the prime factors of y?
2, 3, 17
Suppose d = 8*d. Suppose 4*m - h + 0*h = 43, d = 4*h + 12. List the prime factors of 148*(m/4 + -2).
2, 37
Suppose -45*f + 64*f + 266*f = 12188880. List the prime factors of f.
2, 3, 11
Let k = 894 + -627. Suppose 1035 - k = 3*q. Let p = q - 175. List the prime factors of p.
3
List the prime factors of 13298/(-545)*(2950/4)/(-5).
59, 61
Let n(c) = 25*c**3 - c - 2. Let b be n(3). Suppose 3*k - 5*k + b = 0. What are the prime factors of k?
5, 67
Suppose -4*x = -3*w + 818, 0 = -5*x + 3*x - 10. Let u be 3/(-4) - w/(-56). Suppose -2*i + 15 = l - 4*i, -l - u*i = -39. What are the prime factors of l?
23
Suppose -15*t - 11*t + 302060 + 59704 = 0. List the prime factors of t.
2, 3, 773
Suppose 3*m = -2*l + 14836, 0 = 3*l - 8*l + 2*m + 37052. What are the prime factors of l?
2, 17, 109
Let n(m) = m**3 + m**2 + 7*m + 1009. Let i(g) = -g**3 + 6*g**2 - 6*g + 5. Let x be i(5). What are the prime factors of n(x)?
1009
Let f(n) = -31*n**2 + 103*n**2 - 8 - 15*n**2 - 13*n**2 + 8*n. What are the prime factors of f(5)?
2, 283
Let c be 5*